 + 74. Calculate u(-25).
-26
Let b(h) = -h**3 + 18*h**2 - 29*h + 1. Determine b(10).
511
Let z(b) = -7748*b - 46484. Give z(-6).
4
Let u(b) = b**3 + 11*b**2 + 353*b + 3894. Determine u(-11).
11
Let o(s) = -s**2 + 61*s - 644. Give o(15).
46
Let m(u) = u**3 + 14*u**2 + 29*u - 3. Give m(-11).
41
Let r(s) = 3*s**2 - 369*s + 2384. Give r(116).
-52
Let u(g) = g**2 - 26*g - 61. What is u(17)?
-214
Let j(n) = 4*n**2 + 151*n + 376. What is j(-35)?
-9
Let m(x) = -x**2 - 68*x + 2810. What is m(-97)?
-3
Let m(g) = -29*g**3 - 259*g**2 + 14*g - 13. Give m(-9).
23
Let h(g) = 4*g**3 - 6*g**2 - 6*g + 34. What is h(3)?
70
Let i(v) = -580*v - 3482. What is i(-6)?
-2
Let q(m) = m**3 - 20*m**2 + 16*m + 54. Calculate q(6).
-354
Let h(j) = -5*j**2 - 72*j - 26. What is h(-12)?
118
Let z(p) = p**3 - 30*p**2 - 38*p + 55. Determine z(31).
-162
Let w(g) = g**2 - 7*g - 3285. Determine w(61).
9
Let j(c) = -3246*c + 509626. Determine j(157).
4
Let q(i) = 45*i**2 + 767*i + 44. Determine q(-17).
10
Let c(u) = -86*u + 2651. Determine c(31).
-15
Let s(m) = -63*m - 531. What is s(-8)?
-27
Let q(y) = 3*y**2 - 52*y - 69. Calculate q(21).
162
Let v(d) = 4*d**2 - 59*d - 269. Give v(-4).
31
Let h(j) = j**3 - 103*j**2 - 427*j - 112. What is h(107)?
-5
Let y(a) = a**3 - 39*a**2 - 20*a + 558. Determine y(39).
-222
Let l(z) = -z**3 - 9*z**2 + 169*z + 116. Determine l(-18).
-10
Let j(y) = y**3 + 14*y**2 + 59*y + 40. What is j(-6)?
-26
Let m(c) = -c**2 + c - 24. What is m(5)?
-44
Let d(b) = -b**3 + 16*b**2 + 28*b + 72. Calculate d(18).
-72
Let a(p) = 268*p - 421. Calculate a(-2).
-957
Let z(f) = 125*f - 360. Give z(4).
140
Let l(d) = 80*d**2 + 6*d + 39. Give l(-3).
741
Let n(l) = 54*l + 1567. Calculate n(-29).
1
Let u(g) = -135*g + 10400. What is u(77)?
5
Let a(u) = -4*u**2 - 19*u + 61. What is a(-7)?
-2
Let c(p) = -5*p**2 - 57*p - 398. Determine c(-7).
-244
Let q(p) = -p**3 + 44*p**2 - 216*p + 3816. Calculate q(41).
3
Let m(t) = -t**2 - 13*t - 56. Determine m(-11).
-34
Let g(v) = 2*v**2 + 199*v - 13193. Give g(-145).
2
Let m(t) = 9*t - 106. Determine m(17).
47
Let x(v) = 96*v + 479. Give x(-5).
-1
Let b(p) = p**2 + 31*p - 508. Give b(13).
64
Let w(q) = 131*q + 38104. Determine w(-291).
-17
Let x(i) = -21*i + 538. Calculate x(24).
34
Let v(y) = y**2 + 62*y - 863. Calculate v(13).
112
Let r(t) = -t**3 - 20*t**2 - 2*t - 51. Calculate r(-20).
-11
Let a(b) = b**3 - 42*b**2 - 95*b + 301. What is a(44)?
-7
Let d(j) = j**3 + 24*j**2 + 88*j - 119. What is d(-19)?
14
Let p(t) = t**3 + 2*t**2 - 402*t + 64. Calculate p(19).
7
Let j(z) = -837*z - 4187. What is j(-5)?
-2
Let x(y) = y**3 - 14*y**2 + 34*y - 29. Determine x(10).
-89
Let s(y) = -2*y**3 - 32*y**2 - 20*y + 155. What is s(-15)?
5
Let h(u) = 11*u - 176. Give h(15).
-11
Let q(x) = -90*x**3 + 360*x**2 + 5. Determine q(4).
5
Let d(x) = x**2 + 100*x + 548. Calculate d(-94).
-16
Let f(y) = 19*y + 160. Determine f(-9).
-11
Let a(z) = 3*z**2 - 177*z + 73. What is a(58)?
-101
Let r(o) = -2*o**3 - 98*o**2 - 4*o - 119. Calculate r(-49).
77
Let b(x) = -33*x + 9. Give b(6).
-189
Let l(d) = 23*d - 137. Give l(5).
-22
Let w(j) = -j**3 - 32*j**2 + 274*j + 77. Calculate w(-39).
38
Let a(o) = 52*o - 100. Determine a(2).
4
Let c(h) = -4*h**2 - 238*h + 121. What is c(-60)?
1
Let j(g) = 2*g**2 + 799*g - 3208. Give j(4).
20
Let a(s) = 69*s**2 + 46*s. Give a(-1).
23
Let a(p) = p**3 + 26*p**2 + 84*p + 288. Determine a(-23).
-57
Let q(h) = -h**3 + 90*h**2 - 1628*h + 51. Calculate q(25).
-24
Let g(n) = 22*n**2 - 3*n. What is g(-1)?
25
Let a(q) = 14*q**2 + 89*q - 55. Give a(-7).
8
Let k(d) = -3*d**2 + 113*d + 227. What is k(39)?
71
Let y(t) = 3*t**2 - 20*t - 126. Determine y(-5).
49
Let b(g) = g**3 - 37*g**2 - 34*g - 139. Give b(38).
13
Let w(l) = -l + 115. Calculate w(36).
79
Let a(q) = -q**3 + 71*q**2 - 3*q + 224. Determine a(71).
11
Let c(d) = 1641*d - 4952. What is c(3)?
-29
Let x(l) = -31*l**2 - 172*l - 98. Calculate x(-5).
-13
Let l(p) = -4*p**2 + 7*p + 246. What is l(-11)?
-315
Let t(d) = 76*d**3 + 5*d**2 + 10*d + 5. What is t(-1)?
-76
Let r(n) = 11*n**2 - 12*n - 40. Determine r(-5).
295
Let b(f) = 89*f**3 - f**2 - 4*f + 6. Give b(1).
90
Let y(m) = -3*m**2 + 18*m + 156. Calculate y(11).
-9
Let x(g) = -92*g - 1475. Calculate x(-16).
-3
Let q(u) = 20*u**2 + 120*u - 3. What is q(-6)?
-3
Let q(m) = m**3 + 12*m**2 + 11*m + 2. Give q(-11).
2
Let y(r) = -6*r**2 - 33*r - 46. What is y(-7)?
-109
Let x(k) = -2*k**2 - 15*k - 143. Give x(-5).
-118
Let c(u) = -u**3 + 50*u**2 - 112*u + 197. Give c(48).
-571
Let c(q) = 7*q**2 + 35*q - 11. What is c(-7)?
87
Let o(g) = -123*g - 2096. Determine o(-16).
-128
Let o(d) = -d**3 + 19*d**2 + 36*d + 40. What is o(21)?
-86
Let w(y) = -12*y**2 - 1250*y - 211. Calculate w(-104).
-3
Let y(c) = -18*c - 1448. Determine y(-78).
-44
Let x(r) = -20*r - 298. Calculate x(-15).
2
Let g(w) = -10*w**2 + 3*w - 2. Calculate g(2).
-36
Let j(c) = c**3 - 19*c**2 + c - 36. Calculate j(19).
-17
Let q(u) = -u**2 - 914*u - 27379. Give q(-31).
-6
Let c(h) = -h**3 - 28*h**2 - 25*h - 684. What is c(-28)?
16
Let p(d) = d**3 + 13*d**2 + 16*d - 183. Give p(-9).
-3
Let t(n) = -n**3 + n**2 + 51*n - 43. Determine t(-7).
-8
Let k(r) = -783*r - 3913. Give k(-5).
2
Let x(f) = 55*f**2 - 50*f - 223. Give x(-4).
857
Let f(s) = s**3 + 22*s**2 - 456*s + 38. Calculate f(13).
25
Let i(x) = -3*x**2 - 37*x - 119. What is i(-5)?
-9
Let m(r) = -5*r**3 + 23*r**2 + 15*r - 8. Give m(-1).
5
Let k(m) = -m**2 - 103*m - 1523. Determine k(-18).
7
Let g(l) = -13*l + 113. Determine g(10).
-17
Let s(q) = -3*q**3 - 3*q**2 + 28*q - 28. Give s(1).
-6
Let u(f) = 4*f**3 + 2*f**2 + 3*f + 34. Give u(-3).
-65
Let f(m) = 335*m**2 - 21775*m + 4. Calculate f(65).
4
Let l(a) = 121*a - 1745. Determine l(14).
-51
Let l(u) = u**2 - 111*u + 530. Calculate l(5).
0
Let a(v) = 5*v**2 - 29*v - 99. Give a(16).
717
Let i(f) = -616*f + 16010. Give i(26).
-6
Let z(x) = 2*x**3 - 21*x**2 + 60*x - 42. Give z(6).
-6
Let r(o) = 19*o**2 - 10*o + 15. Calculate r(2).
71
Let m(u) = -5*u**2 + 251*u + 502. What is m(-2)?
-20
Let i(h) = h**3 - 14*h**2 + 50*h - 17. Calculate i(8).
-1
Let j(f) = f**3 - 31*f**2 + 110*f - 82. Calculate j(27).
-28
Let h(f) = -5*f**3 - 72*f**2 + 67*f + 184. Determine h(-15).
-146
Let s(w) = -w**3 - 9*w**2 - 25*w - 41. Determine s(-6).
1
Let y(q) = 138*q**3 - q**2 + 4*q + 1. Calculate y(-1).
-142
Let u(l) = 205*l**2 - 26*l + 26. What is u(1)?
205
Let p(o) = -o**2 + 370*o + 1494. Determine p(-4).
-2
Let r(b) = 5*b**3 - 13*b + 14. What is r(2)?
28
Let n(p) = p**3 + 25*p**2 - 444*p - 4. What is n(12)?
-4
Let g(m) = -5*m**2 - 70*m + 43. What is g(-15)?
-32
Let c(i) = -i**3 + 25*i**2 - 29*i - 170. What is c(24)?
-290
Let s(r) = -r**3 - 166*r**2 - 6747*r - 137. Determine s(-71).
5
Let o(a) = -10*a**2 + 104*a - 42. Calculate o(10).
-2
Let r(x) = 38*x**2 - 338*x + 20. Give r(9).
56
Let p(b) = -23*b + 144. What is p(6)?
6
Let h(u) = -2*u**2 + 88*u - 88. Calculate h(43).
-2
Let p(i) = 429*i - 2991. What is p(7)?
12
Let x(a) = -a**3 + 23*a**2 - 62*a + 35. Give x(20).
-5
Let k(v) = -v**2 + 364*v + 5297. Calculate k(-14).
5
Let o(u) = -u**3 + 9*u**2 - 7*u + 7. What is o(4)?
59
Let k(j) = -2644*j - 13227. Give k(-5).
-7
Let h(i) = 413*i - 425. Determine h(3).
814
Let b(n) = n**3 + 8*n**2 - 6*n - 30. Calculate b(-10).
-170
Let k(w) = 101*w + 56. Determine k(0).
56
Let w(f) = 2205*f - 19838. Calculate w(9).
7
Let x(f) = -560*f + 583. Calculate x(1).
23
Let a(v) = 6*v + 551. Give a(-88).
23
Let x(s) = 6*s**2 - 55*s + 294. Calculate x(6).
180
Let v(t) = -6*t**2 + 165*t + 67. Give v(28).
-17
Let x(h) = -h**3 + 14*h**2 - 27*h - 110. What is x(8)?
58
Let v(k) = 14*k + 156. What is v(-18)?
-96
Let i(g) = -45*g + 24. Determine i(1).
-21
Let h(w) = -5*w**2 - 307*w - 129. Calculate h(-61).
-7
Let n(d) = -898*d + 30546. Determine n(34).
14
Let y(f) = 63*f**2 + 245*f - 29. Determine y(-4).
-1
Let j(c) = -c**2 - 202*c - 10170. Determine j(-96).
6
Let i(a) = 45*a**2 - 6*a - 3. Calculate i(-1).
48
Let a(o) = 2*o**3 - 30*o**2 - 24*o + 350. Give a(15).
-10
Let x(w) = -w**3 + 66*w**2 - 316*w + 667. Determine x(61).
-4
Let r(v) = -9*v**2 - 61*v - 89. What is r(-4)?
11
Let m(n) = -14*n**3 - 265*n**2 + 19*n - 12. Determine m(-19).
-12
Let d(c) = c**3 + c**2 + 2*c - 6. Give d(2).
10
Let z(h) = -h**3 + 18*h**2 - 52*h - 3. Determine z